{"id":52,"date":"2020-09-01T15:32:12","date_gmt":"2020-09-01T13:32:12","guid":{"rendered":"https:\/\/puzzles.crem.be\/?page_id=52"},"modified":"2021-01-06T16:36:20","modified_gmt":"2021-01-06T15:36:20","slug":"accueil","status":"publish","type":"page","link":"https:\/\/puzzles.crem.be\/","title":{"rendered":"R\u00e9solutions de probl\u00e8mes par le puzzle"},"content":{"rendered":"\n<p class=\"has-text-align-center has-medium-font-size\"><strong>Site internet en cours de d\u00e9veloppement<\/strong><\/p>\n\n\n\n<div class=\"wp-block-columns has-white-background-color has-background is-layout-flex wp-container-core-columns-is-layout-9d6595d7 wp-block-columns-is-layout-flex\">\n<div class=\"wp-block-column is-layout-flow wp-block-column-is-layout-flow\" style=\"flex-basis:66.66%\">        <!--STYLES FOR posts -->\n        <style type=\"text\/css\">\n    .owl-item .item:hover {\n        cursor: pointer;\n    }\n    \/*\n     General style for the slider\n    *\/\n    .outer_wrap-1280313399{\n        position: relative;\n        margin-bottom: 25px;\n    }\n    .header-1280313399{\n        position: relative;\n    }\n\n    \/*SLider title *\/\n    .header-1280313399 h1.aps-title{\n        text-align: center;\n        margin: 5px 0 22px;\n        color: ;\n        font-size: ;\n    }\n    \/*post title*\/\n    .aps-themea h2.aps-post-title, .aps-themeb h2.aps-post-title {\n        font-size:;\n    }\n    .outer_wrap-1280313399 h2.aps-post-title a {\n        font-size:;\n        color: ;\n    }\n    \/*\n    NAVIGATION BUTTONS\n    *\/\n    .aps-prev-1909445184,\n    .aps-next-1909445184     {\n        position: absolute;\n        top: 40%;\n        background: #686868;\n        z-index: 9999;\n        width: 45px;\n        height: 42px;\n        line-height: 42px;\n        padding: 0;\n        border-radius: 50%;\n        color: #ffffff;\n        outline: none;\n        border: none;\n        webkit-transition: all 0.2s linear;\n        -moz-transition: all 0.2s linear;\n        -ms-transition: all 0.2s linear;\n        -o-transition: all 0.2s linear;\n        transition: all 0.2s linear;\n    }\n    .aps-next-1909445184 {\n        right: -1.8%;\n    }\n    .aps-prev-1909445184 {\n        left: -1.8%;\n    }\n\n    .aps-prev-1909445184:hover,\n    .aps-next-1909445184:hover {\n        background: ;\n        color: ;\n    }\n    .aps-prev-1909445184 > i.icon-left-open-big,\n    .aps-next-1909445184 > i.icon-right-open-big {\n        font-size: 20px;\n    }\n    .read-more {\n        display: block;\n    }\n\n\n\n\n\n<\/style>\n\n        <div class='header-1280313399'>\n            <!--have to apply a header style option for title because it is from shortcode generator-->\n            <h1 class='aps-title'>S\u00e9quences d&#039;apprentissage et activit\u00e9s<\/h1>        <\/div> <!-- ends header -->\n\n        <!--outer_wrap to position nav arrows-->\n        <div class=\"outer_wrap-1280313399\">\n        <!--show navigation arrows-->\n        <button class=\"aps-prev-1909445184\">  <i class=\"icon-left-open-big\"><\/i> <\/button>\n                      <button class=\"aps-next-1909445184\"> <i class=\"icon-right-open-big\"><\/i> <\/button>\n        <!--Main wrapper for the slider STARTS-->\n            <div id=\"aps-slider-wrapper-1280313399\"class=\"owl-theme owl-carousel aps-slider-wrapper-class aps-1280313399\">\n\n        <!--  loop Starts -->\n    <div class=\"item\">\n        <div class=\"aps-themea\">\n\n\n            <h2 class=\"aps-post-title\"><a href=\"https:\/\/puzzles.crem.be\/?p=228\" rel=\"bookmark\" title=\"Go to Sam Loyd puzzle: assemblage\">Sam Loyd puzzle: assemblage<\/a><\/h2>\n                    <div class=\"aps-meta-info\">\n                <span class=\"aps-entry-date entry-date\">Posted on 18 d\u00e9cembre 2020<\/span>\n            <\/div>\n        \n                <a class=\"adl-featured-img-link\" href=\"https:\/\/puzzles.crem.be\/?p=228\" rel=\"bookmark\" title=\"Go to Sam Loyd puzzle: assemblage\"><img decoding=\"async\" src=\"https:\/\/puzzles.crem.be\/wp-content\/plugins\/adl-post-slider\/img\/featured_image_placeholder.jpg\" \/><\/a>\n            <p>Cr\u00e9ation d'un carr\u00e9 avec d'autres figures <\/p><\/div>\n    <\/div>\n    <div class=\"item\">\n        <div class=\"aps-themea\">\n\n\n            <h2 class=\"aps-post-title\"><a href=\"https:\/\/puzzles.crem.be\/?p=219\" rel=\"bookmark\" title=\"Go to Sam Loyd transparent\">Sam Loyd transparent<\/a><\/h2>\n                    <div class=\"aps-meta-info\">\n                <span class=\"aps-entry-date entry-date\">Posted on 17 d\u00e9cembre 2020<\/span>\n            <\/div>\n        \n                <a class=\"adl-featured-img-link\" href=\"https:\/\/puzzles.crem.be\/?p=219\" rel=\"bookmark\" title=\"Go to Sam Loyd transparent\"><img decoding=\"async\" src=\"https:\/\/puzzles.crem.be\/wp-content\/plugins\/adl-post-slider\/img\/featured_image_placeholder.jpg\" \/><\/a>\n            <p>Objectif: Effectuer une d\u00e9monstration sur les angles suite \u00e0 la manipulation de pi\u00e8ces d'un assemblage transparentes \u00e0 superposer.<\/p><\/div>\n    <\/div>\n    <div class=\"item\">\n        <div class=\"aps-themea\">\n\n\n            <h2 class=\"aps-post-title\"><a href=\"https:\/\/puzzles.crem.be\/?p=215\" rel=\"bookmark\" title=\"Go to Sam Loyd transparent: reproduction des pi\u00e8ces\">Sam Loyd transparent: reproduction des pi\u00e8ces<\/a><\/h2>\n                    <div class=\"aps-meta-info\">\n                <span class=\"aps-entry-date entry-date\">Posted on 17 d\u00e9cembre 2020<\/span>\n            <\/div>\n        \n                <a class=\"adl-featured-img-link\" href=\"https:\/\/puzzles.crem.be\/?p=215\" rel=\"bookmark\" title=\"Go to Sam Loyd transparent: reproduction des pi\u00e8ces\"><img decoding=\"async\" src=\"https:\/\/puzzles.crem.be\/wp-content\/plugins\/adl-post-slider\/img\/featured_image_placeholder.jpg\" \/><\/a>\n            <p>Objectif: Construction de figures \u00e9l\u00e9mentaires par d\u00e9coupage par manipulation de pi\u00e8ces mat\u00e9rielles.<\/p><\/div>\n    <\/div>\n    <div class=\"item\">\n        <div class=\"aps-themea\">\n\n\n            <h2 class=\"aps-post-title\"><a href=\"https:\/\/puzzles.crem.be\/?p=193\" rel=\"bookmark\" title=\"Go to Sam Loyd transparent: assemblage\">Sam Loyd transparent: assemblage<\/a><\/h2>\n                    <div class=\"aps-meta-info\">\n                <span class=\"aps-entry-date entry-date\">Posted on 17 d\u00e9cembre 2020<\/span>\n            <\/div>\n        \n                <a class=\"adl-featured-img-link\" href=\"https:\/\/puzzles.crem.be\/?p=193\" rel=\"bookmark\" title=\"Go to Sam Loyd transparent: assemblage\"><img decoding=\"async\" src=\"https:\/\/puzzles.crem.be\/wp-content\/plugins\/adl-post-slider\/img\/featured_image_placeholder.jpg\" \/><\/a>\n            <p>Objectif: Reproduire une figure g\u00e9om\u00e9trique avec des pi\u00e8ces transparentes \u00e0 superposer.<\/p><\/div>\n    <\/div>\n    <div class=\"item\">\n        <div class=\"aps-themea\">\n\n\n            <h2 class=\"aps-post-title\"><a href=\"https:\/\/puzzles.crem.be\/?p=171\" rel=\"bookmark\" title=\"Go to Sam Loyd opaque\">Sam Loyd opaque<\/a><\/h2>\n                    <div class=\"aps-meta-info\">\n                <span class=\"aps-entry-date entry-date\">Posted on 17 d\u00e9cembre 2020<\/span>\n            <\/div>\n        \n                <a class=\"adl-featured-img-link\" href=\"https:\/\/puzzles.crem.be\/?p=171\" rel=\"bookmark\" title=\"Go to Sam Loyd opaque\"><img decoding=\"async\" src=\"https:\/\/puzzles.crem.be\/wp-content\/plugins\/adl-post-slider\/img\/featured_image_placeholder.jpg\" \/><\/a>\n            <p>Objectif: comparer les aires de diff\u00e9rentes figures. Public cible: 10-14 ans Assemblage Enjeux: cr\u00e9er des figures \u00e9l\u00e9mentaires, assembler des<\/p><\/div>\n    <\/div>\n<!--Loop Ends-->\n<\/div> <!-- ends aps-slider-wrapper -->\n\n\n\n\n\n\n\n\n            <script>\n                jQuery(document).ready(function($){\n                var postSlider = $(\".aps-1280313399\");\n                    postSlider.owlCarousel({\n                        margin:20,\n                        loop:true,\n                        autoWidth:false,\n                        responsiveClass:true,\n                        dots:false,\n                        autoplay:true,\n\n                        autoplayTimeout: 5000,\n                        autoplayHoverPause: false,\n                        \/\/dotData:true,\n                        \/\/dotsEach:true,\n                        slideBy:1,\n\n                        responsive:{\n                            0 : {\n                                items:1,\n                            },\n                            500: {\n                                items:2,\n                            },\n                            600 : {\n\n                                items:2,\n\n                            },\n                            768:{\n                                items:3,\n\n                            },\n                            1199:{\n                                items:4,\n\n                            }\n                        }\n                    });\n\n                    \/\/ custom navigation button for slider\n                    \/\/ Go to the next item\n                    $('.aps-next-1909445184').click(function() {\n                        postSlider.trigger('next.owl.carousel');\n                    });\n                        \/\/ Go to the previous item\n                    $('.aps-prev-1909445184').click(function() {\n                        \/\/ With optional speed parameter\n                        \/\/ Parameters has to be in square bracket '[]'\n                        postSlider.trigger('prev.owl.carousel');\n                    });\n\n                    \/\/ stop on hover but play after hover out\n                                            postSlider.hover(\n                            function(){\n                                postSlider.trigger('stop.owl.autoplay');\n                            },\n                            function(){\n                                postSlider.trigger('play.owl.autoplay');\n                            }\n                        );\n                    \n\n                });\n            <\/script>\n        <\/div> <!--    ends div.outer_wrap -->\n    \n\n\n    \n<\/div>\n\n\n\n<div class=\"wp-block-column is-layout-flow wp-block-column-is-layout-flow\" style=\"flex-basis:33.33%\">\n<p>Filtrer les s\u00e9quences d&rsquo;apprentissage<\/p>\n\n\n\n\n\t\t\t\t<form action=\"\" method=\"post\" class=\"searchandfilter\">\n\t\t\t\t\t<div><ul><li><h4>Domaine<\/h4><select  name='ofdomaine' id='ofdomaine' class='postform'>\n\t<option value='0' selected='selected'>All domaines<\/option>\n\t<option class=\"level-0\" value=\"85\">Aire\/p\u00e9rim\u00e8tre<\/option>\n<\/select>\n<input type=\"hidden\" name=\"ofdomaine_operator\" value=\"and\" \/><\/li><li><h4>Niveau<\/h4><select  name='ofniveau' id='ofniveau' class='postform'>\n\t<option value='0' selected='selected'>All Niveaux<\/option>\n\t<option class=\"level-0\" value=\"69\">Transition primaire &#8211; secondaire<\/option>\n<\/select>\n<input type=\"hidden\" name=\"ofniveau_operator\" value=\"and\" \/><\/li><li><input type=\"hidden\" id=\"_searchandfilter_nonce\" name=\"_searchandfilter_nonce\" value=\"83208c7ec9\" \/><input type=\"hidden\" name=\"_wp_http_referer\" value=\"\/index.php?rest_route=%2Fwp%2Fv2%2Fpages%2F52\" \/><input type=\"hidden\" name=\"ofsubmitted\" value=\"1\"><input type=\"submit\" value=\"Afficher\"><\/li><\/ul><\/div><\/form>\n\n\n\n<p><\/p>\n<\/div>\n<\/div>\n\n\n\n<div class=\"wp-block-columns is-layout-flex wp-container-core-columns-is-layout-9d6595d7 wp-block-columns-is-layout-flex\">\n<div class=\"wp-block-column is-layout-flow wp-block-column-is-layout-flow\">\n<div class=\"wp-block-media-text alignwide has-media-on-the-right is-stacked-on-mobile\"><figure class=\"wp-block-media-text__media\"><a href=\"https:\/\/ag-beta.crem.be\/\" target=\"_blank\" rel=\"noopener\"><img loading=\"lazy\" decoding=\"async\" width=\"593\" height=\"593\" src=\"https:\/\/puzzles.crem.be\/wp-content\/uploads\/2021\/01\/AGmobilelogo-1.png\" alt=\"\" class=\"wp-image-369 size-full\"\/><\/a><\/figure><div class=\"wp-block-media-text__content\">\n<p class=\"has-medium-font-size\">Utilisation du logiciel Apprenti G\u00e9om\u00e8tre mobile dans les activit\u00e9s<\/p>\n\n\n\n<p class=\"has-normal-font-size\">AG mobile est un logiciel de g\u00e9om\u00e9trie dynamique<\/p>\n<\/div><\/div>\n<\/div>\n\n\n\n<div class=\"wp-block-column is-layout-flow wp-block-column-is-layout-flow\"><\/div>\n<\/div>\n\n\n\n<div class=\"wp-block-media-text alignwide is-stacked-on-mobile\"><figure class=\"wp-block-media-text__media\"><img loading=\"lazy\" decoding=\"async\" width=\"1636\" height=\"625\" src=\"https:\/\/puzzles.crem.be\/wp-content\/uploads\/2021\/01\/Banniere_facebook.jpg\" alt=\"\" class=\"wp-image-237 size-full\"\/><\/figure><div class=\"wp-block-media-text__content\">\n<p class=\"has-black-color has-text-color has-medium-font-size\">Centre de Recherche sur l&rsquo;Enseignement des Math\u00e9matiques &#8211; Asbl<\/p>\n\n\n\n<div class=\"wp-block-buttons is-layout-flex wp-block-buttons-is-layout-flex\">\n<div class=\"wp-block-button\"><a class=\"wp-block-button__link\" href=\"https:\/\/www.crem.be\/\" target=\"_blank\" rel=\"noreferrer noopener\">Site internet<\/a><\/div>\n<\/div>\n<\/div><\/div>\n","protected":false},"excerpt":{"rendered":"<p>Site internet en cours de d\u00e9veloppement Filtrer les s\u00e9quences d&rsquo;apprentissage Utilisation du logiciel Apprenti G\u00e9om\u00e8tre mobile dans les activit\u00e9s AG mobile est un logiciel de&hellip;<\/p>\n","protected":false},"author":2,"featured_media":0,"parent":0,"menu_order":0,"comment_status":"closed","ping_status":"closed","template":"","meta":{"footnotes":""},"class_list":["post-52","page","type-page","status-publish","hentry"],"_links":{"self":[{"href":"https:\/\/puzzles.crem.be\/index.php?rest_route=\/wp\/v2\/pages\/52","targetHints":{"allow":["GET"]}}],"collection":[{"href":"https:\/\/puzzles.crem.be\/index.php?rest_route=\/wp\/v2\/pages"}],"about":[{"href":"https:\/\/puzzles.crem.be\/index.php?rest_route=\/wp\/v2\/types\/page"}],"author":[{"embeddable":true,"href":"https:\/\/puzzles.crem.be\/index.php?rest_route=\/wp\/v2\/users\/2"}],"replies":[{"embeddable":true,"href":"https:\/\/puzzles.crem.be\/index.php?rest_route=%2Fwp%2Fv2%2Fcomments&post=52"}],"version-history":[{"count":67,"href":"https:\/\/puzzles.crem.be\/index.php?rest_route=\/wp\/v2\/pages\/52\/revisions"}],"predecessor-version":[{"id":375,"href":"https:\/\/puzzles.crem.be\/index.php?rest_route=\/wp\/v2\/pages\/52\/revisions\/375"}],"wp:attachment":[{"href":"https:\/\/puzzles.crem.be\/index.php?rest_route=%2Fwp%2Fv2%2Fmedia&parent=52"}],"curies":[{"name":"wp","href":"https:\/\/api.w.org\/{rel}","templated":true}]}}